{"id":2327,"date":"2024-05-20T23:10:34","date_gmt":"2024-05-20T21:10:34","guid":{"rendered":"https:\/\/lejournalduwhisky.com\/boutique\/?post_type=product&#038;p=2327"},"modified":"2024-05-20T23:10:35","modified_gmt":"2024-05-20T21:10:35","slug":"carafe-a-whisky-pour-voyage","status":"publish","type":"product","link":"https:\/\/lejournalduwhisky.com\/boutique\/products\/carafe-a-whisky-pour-voyage\/","title":{"rendered":"Carafe \u00e0 whisky pour voyage"},"content":{"rendered":"<h2>Conception sans plomb pour une utilisation s\u00e9curis\u00e9e<\/h2>\n<p>Cette carafe \u00e0 whisky voyage est fabriqu\u00e9e en verre sans plomb, ce qui garantit une utilisation totalement s\u00fbre pour vos spiritueux pr\u00e9f\u00e9r\u00e9s. Cette qualit\u00e9 non toxique prot\u00e8ge votre sant\u00e9 de m\u00eame que l&#8217;int\u00e9grit\u00e9 de votre whisky, en pr\u00e9servant sa puret\u00e9 et ses ar\u00f4mes sans compromis. Id\u00e9ale pour les voyages, elle vous permet de savourer votre boisson en toute tranquillit\u00e9, o\u00f9 que vous soyez.<\/p>\n<h2>Carafe \u00e0 whisky voyage mignon et joliment grav\u00e9e<\/h2>\n<p>Cette petite carafe \u00e0 whisky voyage ne manque pas de charme avec ses gravures d\u00e9licates et son design mignon. Parfaite pour les cadeaux ou les collections personnelles, elle ajoute plus de sophistication \u00e0 vos moments de d\u00e9gustation. Les gravures \u00e9l\u00e9gantes captent la lumi\u00e8re et mettent en valeur la couleur dor\u00e9e du whisky, rendant chaque gorg\u00e9e visuellement captivante. Avec cette carafe, vous combinez en un m\u00eame accessoire praticit\u00e9 et classe.<\/p>\n<h2>Petite bouteille herm\u00e9tiquement ferm\u00e9e pour des d\u00e9gustations sublim\u00e9es<\/h2>\n<p>Gr\u00e2ce \u00e0 son bouchon herm\u00e9tique, cette carafe \u00e0 whisky voyage pr\u00e9serve parfaitement la fra\u00eecheur et les nuances de votre whisky. Avec une capacit\u00e9 de 200 ml, elle est id\u00e9ale pour emporter avec soi son whisky pr\u00e9f\u00e9r\u00e9 lors d\u2019un d\u00e9placement. Elle convient \u00e9galement pour des d\u00e9gustations intimes ou pour partager un moment sp\u00e9cial en petit comit\u00e9. Sa fermeture s\u00e9curis\u00e9e garantit que votre whisky reste \u00e0 sa meilleure texture gustative, m\u00eame quand vous \u00eates en d\u00e9placement.<\/p>\n","protected":false},"excerpt":{"rendered":"<p>Emportez l&#8217;excellence de votre whisky partout avec vous gr\u00e2ce \u00e0 cette carafe \u00e0 whisky pour voyage. Compacte, \u00e9l\u00e9gante et con\u00e7ue pour les amateurs de whisky nomades, elle est l&#8217;accessoire id\u00e9al pour des d\u00e9gustations raffin\u00e9es o\u00f9 que vous soyez.<\/p>\n","protected":false},"featured_media":2328,"comment_status":"open","ping_status":"closed","template":"","meta":{"site-sidebar-layout":"default","site-content-layout":"","ast-site-content-layout":"default","site-content-style":"default","site-sidebar-style":"default","ast-global-header-display":"","ast-banner-title-visibility":"","ast-main-header-display":"","ast-hfb-above-header-display":"","ast-hfb-below-header-display":"","ast-hfb-mobile-header-display":"","site-post-title":"","ast-breadcrumbs-content":"","ast-featured-img":"","footer-sml-layout":"","ast-disable-related-posts":"","theme-transparent-header-meta":"default","adv-header-id-meta":"","stick-header-meta":"default","header-above-stick-meta":"","header-main-stick-meta":"","header-below-stick-meta":"","astra-migrate-meta-layouts":"set","ast-page-background-enabled":"default","ast-page-background-meta":{"desktop":{"background-color":"","background-image":"","background-repeat":"repeat","background-position":"center center","background-size":"auto","background-attachment":"scroll","background-type":"","background-media":"","overlay-type":"","overlay-color":"","overlay-opacity":"","overlay-gradient":""},"tablet":{"background-color":"","background-image":"","background-repeat":"repeat","background-position":"center center","background-size":"auto","background-attachment":"scroll","background-type":"","background-media":"","overlay-type":"","overlay-color":"","overlay-opacity":"","overlay-gradient":""},"mobile":{"background-color":"","background-image":"","background-repeat":"repeat","background-position":"center center","background-size":"auto","background-attachment":"scroll","background-type":"","background-media":"","overlay-type":"","overlay-color":"","overlay-opacity":"","overlay-gradient":""}},"ast-content-background-meta":{"desktop":{"background-color":"var(--ast-global-color-5)","background-image":"","background-repeat":"repeat","background-position":"center center","background-size":"auto","background-attachment":"scroll","background-type":"","background-media":"","overlay-type":"","overlay-color":"","overlay-opacity":"","overlay-gradient":""},"tablet":{"background-color":"var(--ast-global-color-5)","background-image":"","background-repeat":"repeat","background-position":"center center","background-size":"auto","background-attachment":"scroll","background-type":"","background-media":"","overlay-type":"","overlay-color":"","overlay-opacity":"","overlay-gradient":""},"mobile":{"background-color":"var(--ast-global-color-5)","background-image":"","background-repeat":"repeat","background-position":"center center","background-size":"auto","background-attachment":"scroll","background-type":"","background-media":"","overlay-type":"","overlay-color":"","overlay-opacity":"","overlay-gradient":""}}},"product_brand":[],"product_cat":[83],"product_tag":[],"class_list":{"0":"post-2327","1":"product","2":"type-product","3":"status-publish","4":"has-post-thumbnail","6":"product_cat-carafes-a-whisky","7":"desktop-align-left","8":"tablet-align-left","9":"mobile-align-left","10":"ast-product-gallery-layout-horizontal","11":"ast-magnify-disabled","12":"ast-product-tabs-layout-accordion","14":"first","15":"instock","16":"taxable","17":"shipping-taxable","18":"purchasable","19":"product-type-simple"},"_links":{"self":[{"href":"https:\/\/lejournalduwhisky.com\/boutique\/wp-json\/wp\/v2\/product\/2327","targetHints":{"allow":["GET"]}}],"collection":[{"href":"https:\/\/lejournalduwhisky.com\/boutique\/wp-json\/wp\/v2\/product"}],"about":[{"href":"https:\/\/lejournalduwhisky.com\/boutique\/wp-json\/wp\/v2\/types\/product"}],"replies":[{"embeddable":true,"href":"https:\/\/lejournalduwhisky.com\/boutique\/wp-json\/wp\/v2\/comments?post=2327"}],"wp:featuredmedia":[{"embeddable":true,"href":"https:\/\/lejournalduwhisky.com\/boutique\/wp-json\/wp\/v2\/media\/2328"}],"wp:attachment":[{"href":"https:\/\/lejournalduwhisky.com\/boutique\/wp-json\/wp\/v2\/media?parent=2327"}],"wp:term":[{"taxonomy":"product_brand","embeddable":true,"href":"https:\/\/lejournalduwhisky.com\/boutique\/wp-json\/wp\/v2\/product_brand?post=2327"},{"taxonomy":"product_cat","embeddable":true,"href":"https:\/\/lejournalduwhisky.com\/boutique\/wp-json\/wp\/v2\/product_cat?post=2327"},{"taxonomy":"product_tag","embeddable":true,"href":"https:\/\/lejournalduwhisky.com\/boutique\/wp-json\/wp\/v2\/product_tag?post=2327"}],"curies":[{"name":"wp","href":"https:\/\/api.w.org\/{rel}","templated":true}]}}