{"id":2205,"date":"2024-05-04T06:18:22","date_gmt":"2024-05-04T04:18:22","guid":{"rendered":"https:\/\/lejournalduwhisky.com\/boutique\/?post_type=product&#038;p=2205"},"modified":"2024-05-06T21:01:35","modified_gmt":"2024-05-06T19:01:35","slug":"ensemble-verre-a-whisky","status":"publish","type":"product","link":"https:\/\/lejournalduwhisky.com\/boutique\/products\/ensemble-verre-a-whisky\/","title":{"rendered":"Ensemble verre \u00e0 whisky"},"content":{"rendered":"<h2>Verres r\u00e9sistants sans plomb pour une utilisation s\u00fbre et durable<\/h2>\n<p>Cet ensemble de verres \u00e0 whisky est fabriqu\u00e9 en un mat\u00e9riau r\u00e9put\u00e9 pour sa r\u00e9sistance \u00e9lev\u00e9e aux chocs thermiques et sa durabilit\u00e9. Cette qualit\u00e9 assure que les verres ne se fissureront ni ne se briseront facilement lors des changements de temp\u00e9rature, ce qui est id\u00e9al pour servir des boissons chaudes ou froides. \u00c9galement r\u00e9sistants aux rayures, vos verres resteront beaux m\u00eame apr\u00e8s de nombreuses utilisations, faisant de cet ensemble un investissement durable pour votre bar \u00e0 domicile. Par ailleurs, la conception de ces verres a \u00e9t\u00e9 enti\u00e8rement sans plomb, gage de s\u00e9curit\u00e9 pour les utilisateurs.<\/p>\n<h2>Utile pour servir du whisky et bien d&#8217;autres<\/h2>\n<p>Bien que con\u00e7us principalement pour le whisky, ces verres sont \u00e9galement excellents pour une vari\u00e9t\u00e9 d&#8217;autres spiritueux et boissons. Leur construction robuste et leur prestance les rendent parfaits pour servir du vin blanc, des liqueurs, et m\u00eame des cocktails lors de vos soir\u00e9es. La clart\u00e9 du verre permet de mettre en valeur visuellement la qualit\u00e9 et la couleur des boissons, ce qui am\u00e9liore du coup l&#8217;exp\u00e9rience de d\u00e9gustation pour vous et vos invit\u00e9s.<\/p>\n<h2>Un ensemble de verres \u00e9pais de 70 ml<\/h2>\n<p>Que ce soit pour une utilisation quotidienne \u00e0 la maison, lors de grandes c\u00e9l\u00e9brations, ou dans un cadre professionnel comme un bar ou une r\u00e9ception, chaque verre de cet ensemble est assez \u00e9pais pour des toasts vigoureux. Aussi, la petite capacit\u00e9 de chaque verre de cet ensemble est id\u00e9ale pour des d\u00e9gustations lentes et savoureuses de votre whisky.<\/p>\n","protected":false},"excerpt":{"rendered":"<p>Cet ensemble de 6 verres \u00e0 whisky offre une combinaison parfaite de fonctionnalit\u00e9 et de style, id\u00e9al pour ceux qui appr\u00e9cient la d\u00e9gustation de spiritueux de qualit\u00e9 dans un verre \u00e9l\u00e9gamment con\u00e7u.<\/p>\n","protected":false},"featured_media":2273,"comment_status":"open","ping_status":"closed","template":"","meta":{"site-sidebar-layout":"default","site-content-layout":"","ast-site-content-layout":"default","site-content-style":"default","site-sidebar-style":"default","ast-global-header-display":"","ast-banner-title-visibility":"","ast-main-header-display":"","ast-hfb-above-header-display":"","ast-hfb-below-header-display":"","ast-hfb-mobile-header-display":"","site-post-title":"","ast-breadcrumbs-content":"","ast-featured-img":"","footer-sml-layout":"","ast-disable-related-posts":"","theme-transparent-header-meta":"default","adv-header-id-meta":"","stick-header-meta":"default","header-above-stick-meta":"","header-main-stick-meta":"","header-below-stick-meta":"","astra-migrate-meta-layouts":"set","ast-page-background-enabled":"default","ast-page-background-meta":{"desktop":{"background-color":"","background-image":"","background-repeat":"repeat","background-position":"center center","background-size":"auto","background-attachment":"scroll","background-type":"","background-media":"","overlay-type":"","overlay-color":"","overlay-opacity":"","overlay-gradient":""},"tablet":{"background-color":"","background-image":"","background-repeat":"repeat","background-position":"center center","background-size":"auto","background-attachment":"scroll","background-type":"","background-media":"","overlay-type":"","overlay-color":"","overlay-opacity":"","overlay-gradient":""},"mobile":{"background-color":"","background-image":"","background-repeat":"repeat","background-position":"center center","background-size":"auto","background-attachment":"scroll","background-type":"","background-media":"","overlay-type":"","overlay-color":"","overlay-opacity":"","overlay-gradient":""}},"ast-content-background-meta":{"desktop":{"background-color":"var(--ast-global-color-5)","background-image":"","background-repeat":"repeat","background-position":"center center","background-size":"auto","background-attachment":"scroll","background-type":"","background-media":"","overlay-type":"","overlay-color":"","overlay-opacity":"","overlay-gradient":""},"tablet":{"background-color":"var(--ast-global-color-5)","background-image":"","background-repeat":"repeat","background-position":"center center","background-size":"auto","background-attachment":"scroll","background-type":"","background-media":"","overlay-type":"","overlay-color":"","overlay-opacity":"","overlay-gradient":""},"mobile":{"background-color":"var(--ast-global-color-5)","background-image":"","background-repeat":"repeat","background-position":"center center","background-size":"auto","background-attachment":"scroll","background-type":"","background-media":"","overlay-type":"","overlay-color":"","overlay-opacity":"","overlay-gradient":""}}},"product_brand":[],"product_cat":[85,81],"product_tag":[],"class_list":{"0":"post-2205","1":"product","2":"type-product","3":"status-publish","4":"has-post-thumbnail","6":"product_cat-tumbler","7":"product_cat-verres-a-whisky","8":"desktop-align-left","9":"tablet-align-left","10":"mobile-align-left","11":"ast-product-gallery-layout-horizontal","12":"ast-magnify-disabled","13":"ast-product-tabs-layout-accordion","15":"first","16":"instock","17":"taxable","18":"shipping-taxable","19":"purchasable","20":"product-type-simple"},"_links":{"self":[{"href":"https:\/\/lejournalduwhisky.com\/boutique\/wp-json\/wp\/v2\/product\/2205","targetHints":{"allow":["GET"]}}],"collection":[{"href":"https:\/\/lejournalduwhisky.com\/boutique\/wp-json\/wp\/v2\/product"}],"about":[{"href":"https:\/\/lejournalduwhisky.com\/boutique\/wp-json\/wp\/v2\/types\/product"}],"replies":[{"embeddable":true,"href":"https:\/\/lejournalduwhisky.com\/boutique\/wp-json\/wp\/v2\/comments?post=2205"}],"wp:featuredmedia":[{"embeddable":true,"href":"https:\/\/lejournalduwhisky.com\/boutique\/wp-json\/wp\/v2\/media\/2273"}],"wp:attachment":[{"href":"https:\/\/lejournalduwhisky.com\/boutique\/wp-json\/wp\/v2\/media?parent=2205"}],"wp:term":[{"taxonomy":"product_brand","embeddable":true,"href":"https:\/\/lejournalduwhisky.com\/boutique\/wp-json\/wp\/v2\/product_brand?post=2205"},{"taxonomy":"product_cat","embeddable":true,"href":"https:\/\/lejournalduwhisky.com\/boutique\/wp-json\/wp\/v2\/product_cat?post=2205"},{"taxonomy":"product_tag","embeddable":true,"href":"https:\/\/lejournalduwhisky.com\/boutique\/wp-json\/wp\/v2\/product_tag?post=2205"}],"curies":[{"name":"wp","href":"https:\/\/api.w.org\/{rel}","templated":true}]}}