{"id":2158,"date":"2024-05-02T20:43:45","date_gmt":"2024-05-02T18:43:45","guid":{"rendered":"https:\/\/lejournalduwhisky.com\/boutique\/?post_type=product&#038;p=2158"},"modified":"2026-05-01T11:08:24","modified_gmt":"2026-05-01T09:08:24","slug":"verre-a-whisky-fuji-kumo","status":"publish","type":"product","link":"https:\/\/lejournalduwhisky.com\/boutique\/products\/verre-a-whisky-fuji-kumo\/","title":{"rendered":"Verre \u00e0 whisky Fuji Kumo"},"content":{"rendered":"<h2>Design unique avec la montagne Fuji sculpt\u00e9e \u00e0 l&#8217;int\u00e9rieur<\/h2>\n<p>Le Verre \u00e0 whisky Fuji Kumo est v\u00e9ritablement une \u0153uvre d&#8217;art, avec une repr\u00e9sentation sculpt\u00e9e du Mont Fuji \u00e0 l&#8217;int\u00e9rieur du verre. Cette d\u00e9licate gravure ne se contente pas d&#8217;\u00eatre visuellement impressionnante, elle cr\u00e9e \u00e9galement une exp\u00e9rience interactive en modifiant la mani\u00e8re dont le whisky se repose dans le verre. \u00c0 mesure que vous tournez le verre, diff\u00e9rentes perspectives du Fuji se r\u00e9v\u00e8lent.<\/p>\n<h2>Un verre \u00e0 whisky de haute qualit\u00e9 avec une bonne r\u00e9sistance<\/h2>\n<p>Ce verre \u00e0 whisky est fabriqu\u00e9 avec un verre r\u00e9sistant \u00e0 la chaleur. Il garantit de ce fait une s\u00e9curit\u00e9 accrue lors de l&#8217;utilisation avec des boissons chaudes et une durabilit\u00e9 sup\u00e9rieure pour une utilisation \u00e0 long terme. La qualit\u00e9 de la construction assure que le verre peut supporter des utilisations r\u00e9p\u00e9t\u00e9es dans divers environnements, des bars anim\u00e9s aux soir\u00e9es tranquilles \u00e0 la maison. La robustesse du verre Fuji Kumo en fait un choix fiable pour tous ceux qui appr\u00e9cient la qualit\u00e9 et la long\u00e9vit\u00e9 de leurs accessoires de d\u00e9gustation.<\/p>\n<h2>Utilisations diverses pour le plaisir de la d\u00e9gustation du whisky<\/h2>\n<p>Le Verre \u00e0 whisky Fuji Kumo est id\u00e9alement con\u00e7u pour diversifier les exp\u00e9riences de d\u00e9gustation. Que ce soit pour un whisky, un caf\u00e9 matinal ou m\u00eame un verre de vin rouge, cet accessoire enrichit chaque boisson. Sa capacit\u00e9 \u00e0 s&#8217;adapter \u00e0 diff\u00e9rentes boissons fait de lui un indispensable pour tout amateur de spiritueux ou de boissons fines, avec la garantie d\u2019une exp\u00e9rience riche et pleinement satisfaisante.<\/p>\n","protected":false},"excerpt":{"rendered":"<p>D\u00e9couvrez le Verre \u00e0 whisky Fuji Kumo, une cr\u00e9ation qui allie le majestueux Mont Fuji au raffinement du design japonais. C\u2019est une pi\u00e8ce d&#8217;art qui enrichit chaque d\u00e9gustation de whisky.<\/p>\n","protected":false},"featured_media":2169,"comment_status":"open","ping_status":"closed","template":"","meta":{"site-sidebar-layout":"default","site-content-layout":"","ast-site-content-layout":"default","site-content-style":"default","site-sidebar-style":"default","ast-global-header-display":"","ast-banner-title-visibility":"","ast-main-header-display":"","ast-hfb-above-header-display":"","ast-hfb-below-header-display":"","ast-hfb-mobile-header-display":"","site-post-title":"","ast-breadcrumbs-content":"","ast-featured-img":"","footer-sml-layout":"","ast-disable-related-posts":"","theme-transparent-header-meta":"default","adv-header-id-meta":"","stick-header-meta":"default","header-above-stick-meta":"","header-main-stick-meta":"","header-below-stick-meta":"","astra-migrate-meta-layouts":"set","ast-page-background-enabled":"default","ast-page-background-meta":{"desktop":{"background-color":"","background-image":"","background-repeat":"repeat","background-position":"center center","background-size":"auto","background-attachment":"scroll","background-type":"","background-media":"","overlay-type":"","overlay-color":"","overlay-opacity":"","overlay-gradient":""},"tablet":{"background-color":"","background-image":"","background-repeat":"repeat","background-position":"center center","background-size":"auto","background-attachment":"scroll","background-type":"","background-media":"","overlay-type":"","overlay-color":"","overlay-opacity":"","overlay-gradient":""},"mobile":{"background-color":"","background-image":"","background-repeat":"repeat","background-position":"center center","background-size":"auto","background-attachment":"scroll","background-type":"","background-media":"","overlay-type":"","overlay-color":"","overlay-opacity":"","overlay-gradient":""}},"ast-content-background-meta":{"desktop":{"background-color":"var(--ast-global-color-5)","background-image":"","background-repeat":"repeat","background-position":"center center","background-size":"auto","background-attachment":"scroll","background-type":"","background-media":"","overlay-type":"","overlay-color":"","overlay-opacity":"","overlay-gradient":""},"tablet":{"background-color":"var(--ast-global-color-5)","background-image":"","background-repeat":"repeat","background-position":"center center","background-size":"auto","background-attachment":"scroll","background-type":"","background-media":"","overlay-type":"","overlay-color":"","overlay-opacity":"","overlay-gradient":""},"mobile":{"background-color":"var(--ast-global-color-5)","background-image":"","background-repeat":"repeat","background-position":"center center","background-size":"auto","background-attachment":"scroll","background-type":"","background-media":"","overlay-type":"","overlay-color":"","overlay-opacity":"","overlay-gradient":""}}},"product_brand":[],"product_cat":[84,81],"product_tag":[],"class_list":{"0":"post-2158","1":"product","2":"type-product","3":"status-publish","4":"has-post-thumbnail","6":"product_cat-japonais","7":"product_cat-verres-a-whisky","8":"desktop-align-left","9":"tablet-align-left","10":"mobile-align-left","11":"ast-product-gallery-layout-horizontal","12":"ast-magnify-disabled","13":"ast-product-tabs-layout-accordion","15":"first","16":"instock","17":"taxable","18":"shipping-taxable","19":"purchasable","20":"product-type-simple"},"_links":{"self":[{"href":"https:\/\/lejournalduwhisky.com\/boutique\/wp-json\/wp\/v2\/product\/2158","targetHints":{"allow":["GET"]}}],"collection":[{"href":"https:\/\/lejournalduwhisky.com\/boutique\/wp-json\/wp\/v2\/product"}],"about":[{"href":"https:\/\/lejournalduwhisky.com\/boutique\/wp-json\/wp\/v2\/types\/product"}],"replies":[{"embeddable":true,"href":"https:\/\/lejournalduwhisky.com\/boutique\/wp-json\/wp\/v2\/comments?post=2158"}],"wp:featuredmedia":[{"embeddable":true,"href":"https:\/\/lejournalduwhisky.com\/boutique\/wp-json\/wp\/v2\/media\/2169"}],"wp:attachment":[{"href":"https:\/\/lejournalduwhisky.com\/boutique\/wp-json\/wp\/v2\/media?parent=2158"}],"wp:term":[{"taxonomy":"product_brand","embeddable":true,"href":"https:\/\/lejournalduwhisky.com\/boutique\/wp-json\/wp\/v2\/product_brand?post=2158"},{"taxonomy":"product_cat","embeddable":true,"href":"https:\/\/lejournalduwhisky.com\/boutique\/wp-json\/wp\/v2\/product_cat?post=2158"},{"taxonomy":"product_tag","embeddable":true,"href":"https:\/\/lejournalduwhisky.com\/boutique\/wp-json\/wp\/v2\/product_tag?post=2158"}],"curies":[{"name":"wp","href":"https:\/\/api.w.org\/{rel}","templated":true}]}}