{"id":1038,"date":"2023-04-01T12:40:15","date_gmt":"2023-04-01T10:40:15","guid":{"rendered":"https:\/\/lejournalduwhisky.com\/?post_type=product&#038;p=1038"},"modified":"2026-02-12T12:42:36","modified_gmt":"2026-02-12T11:42:36","slug":"carafe-whisky-diamant","status":"publish","type":"product","link":"https:\/\/lejournalduwhisky.com\/boutique\/products\/carafe-whisky-diamant\/","title":{"rendered":"Carafe \u00e0 whisky Diamant"},"content":{"rendered":"<h2>Design sophistiqu\u00e9<\/h2>\n<p>Cette<strong>\u00a0carafe \u00e0 d\u00e9canter<\/strong>\u00a0en cristal et en forme de c\u0153ur apporte son lot de romantisme \u00e0 votre table, tout en impressionnant vos convives lors de la d\u00e9gustation de votre whisky. Pos\u00e9e sur la table, cette carafe \u00e0 whisky est du plus bel effet. Son originalit\u00e9 n&#8217;a rien \u00e0 envier \u00e0 la\u00a0<a href=\"https:\/\/lejournalduwhisky.com\/boutique\/products\/carafe-whisky-globe\/\">carafe \u00e0 whisky globe<\/a>.<\/p>\n<h2>Qualit\u00e9 premium<\/h2>\n<p>Fabriqu\u00e9e en cristal souffl\u00e9 \u00e0 la main, cette carafe \u00e0 whisky est solide, esth\u00e9tiquement r\u00e9ussie et le pied en bois apporte une touche \u00e9l\u00e9gante. La carafe \u00e0 whisky est parfaite pour pr\u00e9server la puret\u00e9 et les ar\u00f4mes de vos singles malts pr\u00e9f\u00e9r\u00e9s.<\/p>\n<ul>\n<li>Socle en bois<\/li>\n<li>Carafe \u00e0 whisky en cristal<\/li>\n<li>Bouchon herm\u00e9tique et sans BPA<\/li>\n<\/ul>\n<h2>Support en bois pratique et esth\u00e9tique<\/h2>\n<p>La carafe \u00e0 whisky est accompagn\u00e9e d&#8217;un support en bois robuste et \u00e9l\u00e9gant, permettant une pr\u00e9sentation soign\u00e9e de votre boisson et ajoutant une touche rustique \u00e0 votre d\u00e9coration. La carafe \u00e0 whisky s\u2019ins\u00e8re parfaitement sur le socle, et laisse la possibilit\u00e9 de contempler le whisky \u00e0 travers le cristal.<\/p>\n<h2>Des saveurs sublim\u00e9es<\/h2>\n<p>En plus de son design attrayant, la carafe \u00e0 whisky permet d&#8217;<strong>a\u00e9rer et de lib\u00e9rer les ar\u00f4mes<\/strong>\u00a0de votre boisson pour une d\u00e9gustation optimale, r\u00e9v\u00e9lant ainsi toute la richesse et la complexit\u00e9 des saveurs. La carafe \u00e0 whisky permet de limiter le contact de la boisson avec l\u2019air, ce qui a pour effet de pr\u00e9server la qualit\u00e9 et les ar\u00f4mes.<\/p>\n","protected":false},"excerpt":{"rendered":"<section id=\"shopify-section-template--16494701117704__main\" class=\"shopify-section section\">\n<section id=\"MainProduct-template--16494701117704__main\" class=\"page-width section-template--16494701117704__main-padding\" data-section=\"template--16494701117704__main\">\n<div class=\"product product--medium product--left product--thumbnail_slider product--mobile-show grid grid--1-col grid--2-col-tablet\">\n<div class=\"product__info-wrapper grid__item\">\n<div id=\"ProductInfo-template--16494701117704__main\" class=\"product__info-container product__info-container--sticky\">\n<div id=\"shopify-block-bd24f8ad-8956-417b-8786-650f97ffa6f9\" class=\"shopify-block shopify-app-block\">\n<div id=\"apd-root\">\n<section class=\"apd-tab apd-content apd-active\">Gr\u00e2ce \u00e0 cette carafe, d\u00e9gustez votre whisky de la meilleure des mani\u00e8res. Cette\u00a0<a href=\"https:\/\/lejournalduwhisky.com\/boutique\/products\/carafe-whisky-cristal-vintage\/\">\u00e9l\u00e9gante carafe<\/a> \u00e0 d\u00e9canter le whisky en cristal souffl\u00e9 \u00e0 la main est con\u00e7ue sp\u00e9cialement pour les amateurs de whisky. Cet accessoire pour le whisky, au design original en forme de c\u0153ur, est con\u00e7u pour l\u2019ap\u00e9ritif et compl\u00e8te \u00e0 merveille la d\u00e9coration de votre int\u00e9rieur.<\/section>\n<\/div>\n<\/div>\n<\/div>\n<\/div>\n<\/div>\n<\/section>\n<\/section>\n","protected":false},"featured_media":1452,"comment_status":"closed","ping_status":"closed","template":"","meta":{"site-sidebar-layout":"default","site-content-layout":"","ast-site-content-layout":"default","site-content-style":"default","site-sidebar-style":"default","ast-global-header-display":"","ast-banner-title-visibility":"","ast-main-header-display":"","ast-hfb-above-header-display":"","ast-hfb-below-header-display":"","ast-hfb-mobile-header-display":"","site-post-title":"","ast-breadcrumbs-content":"","ast-featured-img":"","footer-sml-layout":"","ast-disable-related-posts":"","theme-transparent-header-meta":"default","adv-header-id-meta":"","stick-header-meta":"","header-above-stick-meta":"","header-main-stick-meta":"","header-below-stick-meta":"","astra-migrate-meta-layouts":"set","ast-page-background-enabled":"default","ast-page-background-meta":{"desktop":{"background-color":"","background-image":"","background-repeat":"repeat","background-position":"center center","background-size":"auto","background-attachment":"scroll","background-type":"","background-media":"","overlay-type":"","overlay-color":"","overlay-opacity":"","overlay-gradient":""},"tablet":{"background-color":"","background-image":"","background-repeat":"repeat","background-position":"center center","background-size":"auto","background-attachment":"scroll","background-type":"","background-media":"","overlay-type":"","overlay-color":"","overlay-opacity":"","overlay-gradient":""},"mobile":{"background-color":"","background-image":"","background-repeat":"repeat","background-position":"center center","background-size":"auto","background-attachment":"scroll","background-type":"","background-media":"","overlay-type":"","overlay-color":"","overlay-opacity":"","overlay-gradient":""}},"ast-content-background-meta":{"desktop":{"background-color":"var(--ast-global-color-5)","background-image":"","background-repeat":"repeat","background-position":"center center","background-size":"auto","background-attachment":"scroll","background-type":"","background-media":"","overlay-type":"","overlay-color":"","overlay-opacity":"","overlay-gradient":""},"tablet":{"background-color":"var(--ast-global-color-5)","background-image":"","background-repeat":"repeat","background-position":"center center","background-size":"auto","background-attachment":"scroll","background-type":"","background-media":"","overlay-type":"","overlay-color":"","overlay-opacity":"","overlay-gradient":""},"mobile":{"background-color":"var(--ast-global-color-5)","background-image":"","background-repeat":"repeat","background-position":"center center","background-size":"auto","background-attachment":"scroll","background-type":"","background-media":"","overlay-type":"","overlay-color":"","overlay-opacity":"","overlay-gradient":""}}},"product_brand":[88],"product_cat":[83],"product_tag":[],"class_list":{"0":"post-1038","1":"product","2":"type-product","3":"status-publish","4":"has-post-thumbnail","6":"product_brand-le-journal-du-whisky","7":"product_cat-carafes-a-whisky","8":"desktop-align-left","9":"tablet-align-left","10":"mobile-align-left","11":"ast-product-gallery-layout-horizontal","12":"ast-magnify-disabled","13":"ast-product-tabs-layout-accordion","15":"first","16":"instock","17":"taxable","18":"shipping-taxable","19":"purchasable","20":"product-type-simple"},"_links":{"self":[{"href":"https:\/\/lejournalduwhisky.com\/boutique\/wp-json\/wp\/v2\/product\/1038","targetHints":{"allow":["GET"]}}],"collection":[{"href":"https:\/\/lejournalduwhisky.com\/boutique\/wp-json\/wp\/v2\/product"}],"about":[{"href":"https:\/\/lejournalduwhisky.com\/boutique\/wp-json\/wp\/v2\/types\/product"}],"replies":[{"embeddable":true,"href":"https:\/\/lejournalduwhisky.com\/boutique\/wp-json\/wp\/v2\/comments?post=1038"}],"wp:featuredmedia":[{"embeddable":true,"href":"https:\/\/lejournalduwhisky.com\/boutique\/wp-json\/wp\/v2\/media\/1452"}],"wp:attachment":[{"href":"https:\/\/lejournalduwhisky.com\/boutique\/wp-json\/wp\/v2\/media?parent=1038"}],"wp:term":[{"taxonomy":"product_brand","embeddable":true,"href":"https:\/\/lejournalduwhisky.com\/boutique\/wp-json\/wp\/v2\/product_brand?post=1038"},{"taxonomy":"product_cat","embeddable":true,"href":"https:\/\/lejournalduwhisky.com\/boutique\/wp-json\/wp\/v2\/product_cat?post=1038"},{"taxonomy":"product_tag","embeddable":true,"href":"https:\/\/lejournalduwhisky.com\/boutique\/wp-json\/wp\/v2\/product_tag?post=1038"}],"curies":[{"name":"wp","href":"https:\/\/api.w.org\/{rel}","templated":true}]}}