{"id":1027,"date":"2023-04-01T11:58:13","date_gmt":"2023-04-01T09:58:13","guid":{"rendered":"https:\/\/lejournalduwhisky.com\/?post_type=product&#038;p=1027"},"modified":"2024-04-23T10:28:16","modified_gmt":"2024-04-23T08:28:16","slug":"pierres-a-whisky-en-forme-de-balle-glacons-douilles","status":"publish","type":"product","link":"https:\/\/lejournalduwhisky.com\/boutique\/products\/pierres-a-whisky-en-forme-de-balle-glacons-douilles\/","title":{"rendered":"Pierres \u00e0 whisky en forme de balle"},"content":{"rendered":"<h2>Id\u00e9e cadeau parfaite pour les amateurs de whisky<\/h2>\n<p>Offrez un\u00a0cadeau\u00a0unique et original pour toute occasion comme la f\u00eate des p\u00e8res, un anniversaire, No\u00ebl ou autre. Ce type de pierre convient parfaitement \u00e0 tout amateur de whisky. Faites-leur plaisir avec ce gadget cool et utile \u00e0 la fois.<\/p>\n<h2>Mat\u00e9riau de qualit\u00e9 et respectueux de l&#8217;environnement<\/h2>\n<p>Fabriqu\u00e9es en acier inoxydable, ces pierres \u00e0 whisky ne peuvent pas rouiller, sont inodores et sans go\u00fbt. Elles garantissent ainsi une utilisation s\u00fbre et durable. De plus, elles sont facilement nettoyables et r\u00e9utilisables, contribuant \u00e0 la pr\u00e9servation de l&#8217;environnement.<\/p>\n<ul>\n<li><a href=\"https:\/\/lejournalduwhisky.com\/boutique\/products\/pierres-a-whisky-cubes-en-inox\/\">Pierres en inox<\/a><\/li>\n<li>Chaque pierre contient de l\u2019eau et un<strong>\u00a0gel de refroidissement<\/strong><\/li>\n<li>Sans go\u00fbt ni odeur<\/li>\n<li>Remplace les gla\u00e7ons<\/li>\n<\/ul>\n<h2>Design \u00e9l\u00e9gant et pratique pour une d\u00e9coration raffin\u00e9e<\/h2>\n<p>Leur look en forme de balles donne \u00e0 ces\u00a0<strong>6 pierres \u00e0 whisky<\/strong>\u00a0une allure amusante et originale. Ces pierres \u00e0 whisky semblent tout droit sorties d\u2019un barillet, mais sont en r\u00e9alit\u00e9 pr\u00eates \u00e0 rafra\u00eechir votre boisson. Ces pierres donneront une ambiance mafieuse \u00e0 vos ap\u00e9ros entre amis.<\/p>\n<h2>Pour une d\u00e9gustation parfaite<\/h2>\n<p>Ces pierres \u00e0 whisky conservent votre spiritueux froid plus longtemps\u00a0<strong>sans dilution,<\/strong>\u00a0vous permettant de passer un agr\u00e9able moment en compagnie de votre boisson pr\u00e9f\u00e9r\u00e9e. Stockez les pierres au cong\u00e9lateur pendant au moins 3 heures avant utilisation, puis placez-en 2 ou 3 dans votre verre pour profiter d&#8217;un whisky \u00e0 temp\u00e9rature id\u00e9ale. Plus besoin de penser \u00e0 faire des gla\u00e7ons avec ce type de pierre.<\/p>\n","protected":false},"excerpt":{"rendered":"<section id=\"shopify-section-template--16494701117704__main\" class=\"shopify-section section\">\n<section id=\"MainProduct-template--16494701117704__main\" class=\"page-width section-template--16494701117704__main-padding\" data-section=\"template--16494701117704__main\">\n<div class=\"product product--medium product--left product--thumbnail_slider product--mobile-show grid grid--1-col grid--2-col-tablet\">\n<div class=\"product__info-wrapper grid__item\">\n<div id=\"ProductInfo-template--16494701117704__main\" class=\"product__info-container product__info-container--sticky\">\n<div id=\"shopify-block-bd24f8ad-8956-417b-8786-650f97ffa6f9\" class=\"shopify-block shopify-app-block\">\n<div id=\"apd-root\">\n<section class=\"apd-tab apd-content apd-active\">D\u00e9couvrez cet \u00e9l\u00e9gant set de 6 pierres \u00e0 whisky en forme de balles. Probablement l&#8217;accessoire id\u00e9al pour tous les amateurs de ce spiritueux. Offrez un cadeau inoubliable \u00e0 vos proches avec ces gla\u00e7ons d\u2019un nouveau genre, en acier inoxydable.<\/section>\n<\/div>\n<\/div>\n<\/div>\n<\/div>\n<\/div>\n<\/section>\n<\/section>\n","protected":false},"featured_media":1483,"comment_status":"closed","ping_status":"closed","template":"","meta":{"site-sidebar-layout":"default","site-content-layout":"","ast-site-content-layout":"default","site-content-style":"default","site-sidebar-style":"default","ast-global-header-display":"","ast-banner-title-visibility":"","ast-main-header-display":"","ast-hfb-above-header-display":"","ast-hfb-below-header-display":"","ast-hfb-mobile-header-display":"","site-post-title":"","ast-breadcrumbs-content":"","ast-featured-img":"","footer-sml-layout":"","ast-disable-related-posts":"","theme-transparent-header-meta":"default","adv-header-id-meta":"","stick-header-meta":"default","header-above-stick-meta":"","header-main-stick-meta":"","header-below-stick-meta":"","astra-migrate-meta-layouts":"set","ast-page-background-enabled":"default","ast-page-background-meta":{"desktop":{"background-color":"","background-image":"","background-repeat":"repeat","background-position":"center center","background-size":"auto","background-attachment":"scroll","background-type":"","background-media":"","overlay-type":"","overlay-color":"","overlay-opacity":"","overlay-gradient":""},"tablet":{"background-color":"","background-image":"","background-repeat":"repeat","background-position":"center center","background-size":"auto","background-attachment":"scroll","background-type":"","background-media":"","overlay-type":"","overlay-color":"","overlay-opacity":"","overlay-gradient":""},"mobile":{"background-color":"","background-image":"","background-repeat":"repeat","background-position":"center center","background-size":"auto","background-attachment":"scroll","background-type":"","background-media":"","overlay-type":"","overlay-color":"","overlay-opacity":"","overlay-gradient":""}},"ast-content-background-meta":{"desktop":{"background-color":"var(--ast-global-color-5)","background-image":"","background-repeat":"repeat","background-position":"center center","background-size":"auto","background-attachment":"scroll","background-type":"","background-media":"","overlay-type":"","overlay-color":"","overlay-opacity":"","overlay-gradient":""},"tablet":{"background-color":"var(--ast-global-color-5)","background-image":"","background-repeat":"repeat","background-position":"center center","background-size":"auto","background-attachment":"scroll","background-type":"","background-media":"","overlay-type":"","overlay-color":"","overlay-opacity":"","overlay-gradient":""},"mobile":{"background-color":"var(--ast-global-color-5)","background-image":"","background-repeat":"repeat","background-position":"center center","background-size":"auto","background-attachment":"scroll","background-type":"","background-media":"","overlay-type":"","overlay-color":"","overlay-opacity":"","overlay-gradient":""}}},"product_brand":[88],"product_cat":[82],"product_tag":[],"class_list":{"0":"post-1027","1":"product","2":"type-product","3":"status-publish","4":"has-post-thumbnail","6":"product_brand-le-journal-du-whisky","7":"product_cat-pierres-a-whisky","8":"desktop-align-left","9":"tablet-align-left","10":"mobile-align-left","11":"ast-product-gallery-layout-horizontal","12":"ast-magnify-disabled","13":"ast-product-tabs-layout-accordion","15":"first","16":"outofstock","17":"taxable","18":"shipping-taxable","19":"purchasable","20":"product-type-simple"},"_links":{"self":[{"href":"https:\/\/lejournalduwhisky.com\/boutique\/wp-json\/wp\/v2\/product\/1027","targetHints":{"allow":["GET"]}}],"collection":[{"href":"https:\/\/lejournalduwhisky.com\/boutique\/wp-json\/wp\/v2\/product"}],"about":[{"href":"https:\/\/lejournalduwhisky.com\/boutique\/wp-json\/wp\/v2\/types\/product"}],"replies":[{"embeddable":true,"href":"https:\/\/lejournalduwhisky.com\/boutique\/wp-json\/wp\/v2\/comments?post=1027"}],"wp:featuredmedia":[{"embeddable":true,"href":"https:\/\/lejournalduwhisky.com\/boutique\/wp-json\/wp\/v2\/media\/1483"}],"wp:attachment":[{"href":"https:\/\/lejournalduwhisky.com\/boutique\/wp-json\/wp\/v2\/media?parent=1027"}],"wp:term":[{"taxonomy":"product_brand","embeddable":true,"href":"https:\/\/lejournalduwhisky.com\/boutique\/wp-json\/wp\/v2\/product_brand?post=1027"},{"taxonomy":"product_cat","embeddable":true,"href":"https:\/\/lejournalduwhisky.com\/boutique\/wp-json\/wp\/v2\/product_cat?post=1027"},{"taxonomy":"product_tag","embeddable":true,"href":"https:\/\/lejournalduwhisky.com\/boutique\/wp-json\/wp\/v2\/product_tag?post=1027"}],"curies":[{"name":"wp","href":"https:\/\/api.w.org\/{rel}","templated":true}]}}